e -2*h = -5*h + 6. Let i be (-3 + h)*(0 - -13). Let q = 24 + i. List the prime factors of q.
11
Let q = -2 + -6. Let i = -6 - q. List the prime factors of (2 - -17) + -3 + i.
2, 3
Let g = 413 + -275. What are the prime factors of g?
2, 3, 23
What are the prime factors of (24*1)/((-9)/(-6))?
2
Let d(w) be the third derivative of w**5/60 + 7*w**4/24 + w**3/6 + 4*w**2. What are the prime factors of d(-9)?
19
Suppose z - 5*w + 2*w = 163, -2*z = 5*w - 304. What are the prime factors of z?
157
Suppose 5*l + 5*f - 155 = 0, -f = 5 - 1. Suppose 0 = 3*k - 5*k - n + l, 2*k - 3*n - 39 = 0. List the prime factors of k.
2, 3
Suppose -4 = -2*t - 16. Let q = t + 8. Suppose -4*s - 5*g = -19, -3*g = s - q - 1. What are the prime factors of s?
2, 3
Let w(o) = 6*o - 22. List the prime factors of w(9).
2
Let s = -3 + 4. Let l be 37/s - 2/1. Suppose -4*a - 3 = -a, -a = 3*f - l. What are the prime factors of f?
2, 3
What are the prime factors of (12/(-14))/((3 + 0)/(-357))?
2, 3, 17
Let f = -69 - -97. List the prime factors of f.
2, 7
Let f(x) = 4*x**2 - 3*x. Suppose -2*b - i + 6 = 0, -5*i - 6 = -3*b + b. List the prime factors of f(b).
3
Let m(d) = d**2 + d + 56. What are the prime factors of m(0)?
2, 7
Suppose 10*x - 959 = 671. What are the prime factors of x?
163
Let c(d) = -d + 3. Let v be c(-3). Suppose k = v*k. Let s(h) = -h + 6. List the prime factors of s(k).
2, 3
Let z(g) be the third derivative of -g**5/60 - g**4/4 + g**3/6 + 3*g**2. Let n be z(-6). List the prime factors of (8/(-3) - n)*-3.
11
Let p = 0 + 3. Suppose 2*i - 17 = -0*i + 3*n, 11 = 2*i + p*n. What are the prime factors of i?
7
Let b = 4 - 6. Let z(h) = -h**3 - 2*h**2 - 4*h - 2. What are the prime factors of z(b)?
2, 3
Suppose 0 = n + n + q + 1, q + 15 = 5*n. Suppose -2*j - 10 = 2*r + 3*j, -2*j = -2*r + 4. Suppose -n*k + r = -6. List the prime factors of k.
3
Let w = 79 - 40. Let z = w - 26. Let o = z - 1. What are the prime factors of o?
2, 3
Let r = -6 - -8. Suppose 3*v - r*g = -0*g + 8, 3*g = -5*v + 7. Suppose 2*w + l = -3*w + 25, -2*w - v*l = -2. What are the prime factors of w?
2, 3
Suppose 4*g - 6*g = l, 0 = -l + g + 12. Let v(r) = r**3 - 2*r**2 - 4. Let n be v(3). Let d = l - n. List the prime factors of d.
3
Let j(x) = x**3 - 8*x**2 + 2*x + 4. Let a be j(8). What are the prime factors of 2/(-10) - (-944)/a?
47
Suppose -4*g = -s - 10 + 35, -5*s - 3*g = -56. Let c = s - 7. What are the prime factors of c?
2, 3
Let t be -1 - 0 - (-21)/3. Let u be (0 - -3)*4/t. Suppose -5*i + 2*m + 49 = u, 0 = 2*i - 5*m - 2. List the prime factors of i.
11
Suppose 10 = -u + 6. What are the prime factors of u/(-8) - 9/(-2)?
5
Let x = -246 - -407. What are the prime factors of x?
7, 23
Suppose b + 4 = 3*b, 0 = 4*r + 5*b + 22. Let i(k) be the first derivative of -k**2/2 + 3*k - 1. What are the prime factors of i(r)?
11
Let n(s) = s**3 + 5*s**2 - s + 3. What are the prime factors of n(-4)?
23
Let i = 257 - 157. Suppose -5*g + i = 5*c, -4*g + 26 = -c - 44. What are the prime factors of g?
2, 3
Suppose -2*w - 6 = j, 0*w + 3*j = -3*w - 15. Let q be (2 + w)*(-7 + 7). Suppose 0 = -2*c - q*c + 20. List the prime factors of c.
2, 5
Let m = -10 - -28. What are the prime factors of m?
2, 3
Let l(f) = -3*f - 5. List the prime factors of l(-5).
2, 5
Let m be 0*-2*(-3)/(-18). Let g = m + 21. List the prime factors of g.
3, 7
Let g(m) = 25*m**2 + 2*m - 1. Let t be g(1). Let y = t - 13. List the prime factors of y.
13
Let h be (-1)/((-15)/6)*-10. Let k = 12 - h. Let t = k - 10. What are the prime factors of t?
2, 3
Suppose 164 = 3*n - 28. Suppose 5*p - n = 56. List the prime factors of p.
2, 3
Suppose 2*r - 24 = -2*f + 30, -3*f + 59 = 2*r. What are the prime factors of r?
2, 11
Let p(r) = 2*r - 6 - 3*r**2 + r**3 + 1 - 2*r**3. Let u be p(-4). Suppose 0*y + d + 10 = y, u*d = -y + 18. What are the prime factors of y?
2, 3
Let p(j) = 3*j**2 - 2*j - 3. Let x = -8 - -6. What are the prime factors of p(x)?
13
Suppose -b = -2*s + b - 2, -5*s + 5 = 5*b. Suppose s = 3*z - 34 - 20. List the prime factors of ((-7)/2)/((-3)/z).
3, 7
Suppose -45 = 5*d - 0. Let n be 2/(-3) + (-51)/d. Suppose -4*a + 35 = -n. What are the prime factors of a?
2, 5
Let y(h) = -3*h - 11. Let a be y(-6). Suppose 3*r - 3*k = 9, 3*k = a*r - 2*r - 25. List the prime factors of r.
2
Suppose -2*z - s - s - 4 = 0, -4*z - 3*s - 4 = 0. Let t(p) = -2 - 2*p - 4*p**2 - p**3 - z - 1. List the prime factors of t(-4).
3
Suppose 0 = -t - 2, o = 3*t - 2 + 10. Suppose o*d + 12 - 4 = 0. Let x = 7 + d. List the prime factors of x.
3
What are the prime factors of -2*(-90 + 3 + -3)?
2, 3, 5
Let u = 2 + 6. Let n(x) = x**3 - 9*x**2 + 7*x + 11. List the prime factors of n(u).
3
Let s be 2/4*(-2)/(-1). Suppose s = -3*i + 55. List the prime factors of i.
2, 3
Let x(n) = -n**2 + 8*n - 9. Let q be x(6). Suppose -13 = -5*b + v, 2*v = 5*b - q - 13. Suppose -17 = 5*m + 3, b*m = 4*j - 56. What are the prime factors of j?
2, 3
Suppose 4*l + 6 = 4*d - l, -4*d = 4*l - 24. Let a be (6/d)/((-9)/(-84)). Suppose -a = -4*f - t, 3*f - 6*t = -4*t + 16. What are the prime factors of f?
2
Let c = -10 + 7. List the prime factors of ((-2)/c)/((-9)/(-54)).
2
Suppose 0*k - 2*k = -2*u + 32, -5*u = 10. Let h = k - -37. What are the prime factors of h?
19
Let r be (-231)/(-6) + 1/2. Suppose 0*h = -2*b + 3*h + r, -4*b = 4*h - 48. List the prime factors of b.
3, 5
Suppose 0*p - 312 = -3*p. List the prime factors of p/12 + (-1)/(-3).
3
Let h = 10 + -5. Suppose 7 + h = 2*y. Suppose 0 = y*m - m - 15. What are the prime factors of m?
3
Let p(z) = -z**3 + 7*z**2 + 2*z - 8. Let q(a) = a**3 - 6*a**2 - 2*a + 7. Let d(o) = 6*p(o) + 7*q(o). List the prime factors of d(2).
5
Let u = 70 + -17. List the prime factors of u.
53
Let j(o) = 2*o**2 + 3*o - 4. Let q be j(-3). Suppose -q*m - z + 53 = 0, 2*m = -m + 5*z + 15. Let h = m - 7. List the prime factors of h.
3
Suppose -3*s + 28 = -s. Let p = s + -7. List the prime factors of p.
7
List the prime factors of 0/1 - -39 - 0.
3, 13
Let u be (-8)/(-5) + (-2)/(-5). Suppose -3*w + 6 = 3*b, 2*b - 6 = 2*w + u. What are the prime factors of b?
3
Let w = -15 + 21. Suppose -10*l = -5*l + 20. Let f = w + l. What are the prime factors of f?
2
Suppose 2*j = -2*h - 4, -2*j - h = -6*h - 17. Let m = -3 - -5. List the prime factors of 3/m*(5 + j).
3
Suppose -3*h = -2*s - 361, 0 = -3*h + 2*s - 7*s + 389. List the prime factors of h.
3, 41
Suppose 3*v + 4 = 5*v. Suppose 0 = -4*s - w + 22, -w - 14 = -v*s - 0*w. List the prime factors of s.
2, 3
Suppose 3*w - 8 = -w. Suppose 2*i - 5*q = 3 - 4, 0 = -4*i + 5*q + 3. Suppose 0 = k - w - i. What are the prime factors of k?
2
Let f be (2/3 + -1)*-15. Suppose 78 - 15 = 3*h - 5*t, -3*t = -f*h + 105. List the prime factors of h.
3, 7
Let j(q) be the third derivative of -q**6/120 - q**5/10 + 5*q**4/24 - 5*q**3/3 + 3*q**2. Let m be j(-7). Let k(n) = n. List the prime factors of k(m).
2
Suppose 3*z = 4*z - 47. Suppose -5*u + z + 8 = 0. What are the prime factors of u?
11
What are the prime factors of 1/3 + (-3530)/(-30)?
2, 59
List the prime factors of -8*(3 + 39/(-6)).
2, 7
What are the prime factors of (-113)/(-5) - (-8)/20?
23
Let x(a) = -a + 13. Let b = 25 - 15. List the prime factors of x(b).
3
Suppose 3*p - 93 - 24 = 0. Suppose 2*m = -m + p. List the prime factors of m.
13
Let z(u) = -u + 11. Let b be z(10). Let p be b*(64 - (-2 - 1)). Suppose 0 = -2*h - 2*d + 16, -2*h = 3*h - 4*d - p. What are the prime factors of h?
11
Let w = 19 - 11. What are the prime factors of w?
2
Let a be 2 + (-7)/(7/(-33)). Suppose 4*x = -4*c + 20, -a = -4*c - c - 3*x. List the prime factors of c.
2, 5
Suppose 3*h + 4*a + 32 = h, -h = a + 19. Let x = 42 + h. What are the prime factors of x?
2, 5
Let n be 6 + 4/2 + -3. Let g = -1 + n. What are the prime factors of g?
2
Let s be (-21)/(-4) + 12/16. Let w(q) = -q**3 + 5*q**2 + 7*q + 4. What are the prime factors of w(s)?
2, 5
Suppose -z = -t + 34 + 57, 0 = 2*t - 4*z - 182. Suppose 5*a + 2*v - 222 = 0, v + t = 2*a - 5. List the prime factors of a.
2, 23
Let d = 19 + -3. Suppose -3*l + 2*r = -12, -l - 3*l + d = 2*r. Suppose 19 + 9 = l*f. What are the prime factors of f?
7
Let g be 3/(-2) - 195/(-10). Suppose 0 = 13*p - g*p + 75. What are the prime factors of p?
3, 5
Suppose 2*a + a = 48. Let w = 29 - a. List the prime factors of